{"id":100,"date":"2017-03-02T15:55:27","date_gmt":"2017-03-02T15:55:27","guid":{"rendered":"http:\/\/www.tutisul.pt\/web\/?page_id=100"},"modified":"2021-07-23T12:58:05","modified_gmt":"2021-07-23T11:58:05","slug":"politica-de-qualidade-e-ambiente","status":"publish","type":"page","link":"https:\/\/www.tutisul.pt\/web\/politica-de-qualidade-e-ambiente\/","title":{"rendered":"P. de Qualidade e Ambiente"},"content":{"rendered":"<div id=\"pl-100\"  class=\"panel-layout\" ><div id=\"pg-100-0\"  class=\"panel-grid panel-has-style\" ><div class=\"siteorigin-panels-stretch panel-row-style panel-row-style-for-100-0\" data-stretch-type=\"full-stretched\" ><div id=\"pgc-100-0-0\"  class=\"panel-grid-cell\" ><div id=\"panel-100-0-0-0\" class=\"so-panel widget_sow-slider panel-first-child panel-last-child\" data-index=\"0\" ><div\n\t\t\t\n\t\t\tclass=\"so-widget-sow-slider so-widget-sow-slider-default-6d39609536fd-100\"\n\t\t\t\n\t\t>\t\t\t\t<div class=\"sow-slider-base\" style=\"display: none\" tabindex=\"0\">\n\t\t\t\t\t<ul\n\t\t\t\t\tclass=\"sow-slider-images\"\n\t\t\t\t\tdata-settings=\"{&quot;pagination&quot;:true,&quot;speed&quot;:800,&quot;timeout&quot;:8000,&quot;paused&quot;:false,&quot;pause_on_hover&quot;:false,&quot;swipe&quot;:true,&quot;nav_always_show_desktop&quot;:&quot;&quot;,&quot;nav_always_show_mobile&quot;:&quot;&quot;,&quot;breakpoint&quot;:&quot;780px&quot;,&quot;unmute&quot;:false,&quot;anchor&quot;:null}\"\n\t\t\t\t\t\t\t\t\t\tdata-anchor-id=\"\"\n\t\t\t\t>\t\t<li class=\"sow-slider-image\" style=\"visibility: visible;\" >\n\t\t\t\t\t\t<img loading=\"lazy\" decoding=\"async\" width=\"1903\" height=\"545\" src=\"https:\/\/www.tutisul.pt\/web\/wp-content\/uploads\/2017\/03\/Tutisul_Banner_Website_Quem_Somos_03.jpg\" class=\"sow-slider-background-image\" alt=\"\" style=\"\" srcset=\"https:\/\/www.tutisul.pt\/web\/wp-content\/uploads\/2017\/03\/Tutisul_Banner_Website_Quem_Somos_03.jpg 1903w, https:\/\/www.tutisul.pt\/web\/wp-content\/uploads\/2017\/03\/Tutisul_Banner_Website_Quem_Somos_03-300x86.jpg 300w, https:\/\/www.tutisul.pt\/web\/wp-content\/uploads\/2017\/03\/Tutisul_Banner_Website_Quem_Somos_03-768x220.jpg 768w, https:\/\/www.tutisul.pt\/web\/wp-content\/uploads\/2017\/03\/Tutisul_Banner_Website_Quem_Somos_03-1024x293.jpg 1024w\" sizes=\"auto, (max-width: 1903px) 100vw, 1903px\" \/>\t\t<\/li>\n\t\t<\/ul>\t\t\t\t<ol class=\"sow-slider-pagination\">\n\t\t\t\t\t\t\t\t\t\t\t<li><a href=\"#\" data-goto=\"0\" aria-label=\"Display slide 1\"><\/a><\/li>\n\t\t\t\t\t\t\t\t\t<\/ol>\n\n\t\t\t\t<div class=\"sow-slide-nav sow-slide-nav-next\">\n\t\t\t\t\t<a href=\"#\" data-goto=\"next\" aria-label=\"Next slide\" data-action=\"next\">\n\t\t\t\t\t\t<em class=\"sow-sld-icon-thin-right\"><\/em>\n\t\t\t\t\t<\/a>\n\t\t\t\t<\/div>\n\n\t\t\t\t<div class=\"sow-slide-nav sow-slide-nav-prev\">\n\t\t\t\t\t<a href=\"#\" data-goto=\"previous\" aria-label=\"Previous slide\" data-action=\"prev\">\n\t\t\t\t\t\t<em class=\"sow-sld-icon-thin-left\"><\/em>\n\t\t\t\t\t<\/a>\n\t\t\t\t<\/div>\n\t\t\t\t<\/div><\/div><\/div><\/div><\/div><\/div><div id=\"pg-100-1\"  class=\"panel-grid panel-no-style\" ><div id=\"pgc-100-1-0\"  class=\"panel-grid-cell\" ><div id=\"panel-100-1-0-0\" class=\"so-panel widget_sow-editor panel-first-child\" data-index=\"1\" ><div class=\"panel-widget-style panel-widget-style-for-100-1-0-0\" ><div\n\t\t\t\n\t\t\tclass=\"so-widget-sow-editor so-widget-sow-editor-base\"\n\t\t\t\n\t\t>\n<div class=\"siteorigin-widget-tinymce textwidget\">\n\t<h1><span style=\"font-size: 36pt;\"><em>Pol\u00edtica de Qualidade e Ambiente<\/em><\/span><\/h1>\n<hr \/>\n<h3><em>Implementamos uma pol\u00edtica de controle de qualidade, baseada no desafio constante de supera\u00e7\u00e3o e na procura da excel\u00eancia do servi\u00e7o prestado e da qualidade dos produtos que fornecemos.<\/em><\/h3>\n<p>\u00a0<\/p>\n<p>Estabelecemos parcerias, apostamos na forma\u00e7\u00e3o constante dos nossos quadros, agilizamos os processos log\u00edsticos, avaliamos a satisfa\u00e7\u00e3o dos nos parceiros e monitorizamos sistematicamente a qualidade dos nossos produtos.<\/p>\n<blockquote>\n<p><em>Apostamos num suporte tecnol\u00f3gico evolu\u00eddo e atualizado.<\/em><\/p>\n<\/blockquote>\n<p>Acautelamos a elei\u00e7\u00e3o dos nossos fornecedores baseados no princ\u00edpio de que se norteiam pelos mesmos valores e esp\u00edrito de miss\u00e3o que estabelecemos para n\u00f3s.<\/p>\n<\/div>\n<\/div><\/div><\/div><div id=\"panel-100-1-0-1\" class=\"so-panel widget_siteorigin-panels-builder\" data-index=\"2\" ><div class=\"panel-widget-style panel-widget-style-for-100-1-0-1\" ><div id=\"pl-w60faae7509d36\"  class=\"panel-layout\" ><div id=\"pg-w60faae7509d36-0\"  class=\"panel-grid panel-no-style\" ><div id=\"pgc-w60faae7509d36-0-0\"  class=\"panel-grid-cell\" ><div id=\"panel-w60faae7509d36-0-0-0\" class=\"so-panel widget_sow-editor panel-first-child panel-last-child\" data-index=\"0\" ><div\n\t\t\t\n\t\t\tclass=\"so-widget-sow-editor so-widget-sow-editor-base\"\n\t\t\t\n\t\t>\n<div class=\"siteorigin-widget-tinymce textwidget\">\n\t<p><img loading=\"lazy\" decoding=\"async\" class=\"img-thumbnail alignnone wp-image-2532 size-full\" src=\"https:\/\/www.tutisul.pt\/web\/wp-content\/uploads\/2021\/03\/Tutisul_imagem_2021_geral_01.jpg\" alt=\"\" width=\"600\" height=\"399\" srcset=\"https:\/\/www.tutisul.pt\/web\/wp-content\/uploads\/2021\/03\/Tutisul_imagem_2021_geral_01.jpg 600w, https:\/\/www.tutisul.pt\/web\/wp-content\/uploads\/2021\/03\/Tutisul_imagem_2021_geral_01-300x200.jpg 300w, https:\/\/www.tutisul.pt\/web\/wp-content\/uploads\/2021\/03\/Tutisul_imagem_2021_geral_01-272x182.jpg 272w\" sizes=\"auto, (max-width: 600px) 100vw, 600px\" \/><\/p>\n<\/div>\n<\/div><\/div><\/div><div id=\"pgc-w60faae7509d36-0-1\"  class=\"panel-grid-cell\" ><div id=\"panel-w60faae7509d36-0-1-0\" class=\"so-panel widget_sow-editor panel-first-child panel-last-child\" data-index=\"1\" ><div\n\t\t\t\n\t\t\tclass=\"so-widget-sow-editor so-widget-sow-editor-base\"\n\t\t\t\n\t\t>\n<div class=\"siteorigin-widget-tinymce textwidget\">\n\t<p><img loading=\"lazy\" decoding=\"async\" class=\"img-thumbnail alignnone wp-image-2533 size-full\" src=\"https:\/\/www.tutisul.pt\/web\/wp-content\/uploads\/2021\/03\/Tutisul_imagem_2021_geral_02.jpg\" alt=\"\" width=\"600\" height=\"399\" srcset=\"https:\/\/www.tutisul.pt\/web\/wp-content\/uploads\/2021\/03\/Tutisul_imagem_2021_geral_02.jpg 600w, https:\/\/www.tutisul.pt\/web\/wp-content\/uploads\/2021\/03\/Tutisul_imagem_2021_geral_02-300x200.jpg 300w, https:\/\/www.tutisul.pt\/web\/wp-content\/uploads\/2021\/03\/Tutisul_imagem_2021_geral_02-272x182.jpg 272w\" sizes=\"auto, (max-width: 600px) 100vw, 600px\" \/><\/p>\n<\/div>\n<\/div><\/div><\/div><div id=\"pgc-w60faae7509d36-0-2\"  class=\"panel-grid-cell\" ><div id=\"panel-w60faae7509d36-0-2-0\" class=\"so-panel widget_sow-editor panel-first-child panel-last-child\" data-index=\"2\" ><div\n\t\t\t\n\t\t\tclass=\"so-widget-sow-editor so-widget-sow-editor-base\"\n\t\t\t\n\t\t>\n<div class=\"siteorigin-widget-tinymce textwidget\">\n\t<p><img loading=\"lazy\" decoding=\"async\" class=\"img-thumbnail wp-image-954 size-full aligncenter\" src=\"http:\/\/www.tutisul.pt\/web\/wp-content\/uploads\/2017\/02\/DSC09771.jpg\" alt=\"\" width=\"1200\" height=\"800\" srcset=\"https:\/\/www.tutisul.pt\/web\/wp-content\/uploads\/2017\/02\/DSC09771.jpg 1200w, https:\/\/www.tutisul.pt\/web\/wp-content\/uploads\/2017\/02\/DSC09771-300x200.jpg 300w, https:\/\/www.tutisul.pt\/web\/wp-content\/uploads\/2017\/02\/DSC09771-768x512.jpg 768w, https:\/\/www.tutisul.pt\/web\/wp-content\/uploads\/2017\/02\/DSC09771-1024x683.jpg 1024w, https:\/\/www.tutisul.pt\/web\/wp-content\/uploads\/2017\/02\/DSC09771-272x182.jpg 272w\" sizes=\"auto, (max-width: 1200px) 100vw, 1200px\" \/><\/p>\n<\/div>\n<\/div><\/div><\/div><\/div><\/div><\/div><\/div><div id=\"panel-100-1-0-2\" class=\"so-panel widget_sow-editor\" data-index=\"3\" ><div class=\"panel-widget-style panel-widget-style-for-100-1-0-2\" ><div\n\t\t\t\n\t\t\tclass=\"so-widget-sow-editor so-widget-sow-editor-base\"\n\t\t\t\n\t\t>\n<div class=\"siteorigin-widget-tinymce textwidget\">\n\t<p>Por outro lado n\u00e3o abdicamos de uma pol\u00edtica de atua\u00e7\u00e3o criteriosa no que respeita \u00e0 pegada ambiental que obrigatoriamente vamos deixando, gerindo os recursos de forma a minimizar os impactos atuais e futuros. Assim adotamos uma filosofia de trabalho com vista \u00e0 absor\u00e7\u00e3o dos res\u00edduos e poluentes que geramos e fazemos uma gest\u00e3o criteriosa dos recursos dispon\u00edveis.<\/p>\n<hr \/>\n<h3><em>FLORUNI<\/em><\/h3>\n<p>A Tutisul \u00e9 associada da FLORUNI - Associa\u00e7\u00e3o de Floristas e Fornecedores Unidos de Portugal (<a href=\"http:\/\/www.floruni.com\/?utm_source=copy&amp;utm_medium=paste&amp;utm_campaign=copypaste&amp;utm_content=http%3A%2F%2Fwww.floruni.com%2F\">www.floruni.com<\/a>)<\/p>\n<h3><em>Aderente Ponto Verde<\/em><\/h3>\n<p>A Tutisul encontra-se a cumprir as suas responsabilidades decorrentes do Decreto-Lei n\u00ba 366-A\/97 de 20 de dezembro<br \/>\n(<a href=\"http:\/\/www.tutisul.pt\/web\/wp-content\/uploads\/2017\/03\/Certificado-Ponto-Verde.pdf\">Certificado Ponto Verde<\/a>)<\/p>\n<h3><em>Operador Autorizado pela DGAV<\/em><\/h3>\n<p>Sob o registo 3-8148 (a Tutisul \u00e9 possuidora de qualidade CE e Passaporte Fitossanit\u00e1rio \u2013 CE)<\/p>\n<h3><em>CITES<\/em><\/h3>\n<p>Conven\u00e7\u00e3o sobre o Com\u00e9rcio Internacional de Esp\u00e9cies da Fauna e da Flora Selvagem Amea\u00e7adas de Extin\u00e7\u00e3o<br \/>\nRegisto Nacional de Cites N\u00ba 20PT0322T<\/p>\n<hr \/>\n<h3><em>CERTIFICADOS<\/em><\/h3>\n<\/div>\n<\/div><\/div><\/div><div id=\"panel-100-1-0-3\" class=\"so-panel widget_siteorigin-panels-builder panel-last-child\" data-index=\"4\" ><div class=\"panel-widget-style panel-widget-style-for-100-1-0-3\" ><div id=\"pl-w60faae750a0b8\"  class=\"panel-layout\" ><div id=\"pg-w60faae750a0b8-0\"  class=\"panel-grid panel-no-style\" ><div id=\"pgc-w60faae750a0b8-0-0\"  class=\"panel-grid-cell\" ><div id=\"panel-w60faae750a0b8-0-0-0\" class=\"so-panel widget_sow-image panel-first-child panel-last-child\" data-index=\"0\" ><div\n\t\t\t\n\t\t\tclass=\"so-widget-sow-image so-widget-sow-image-default-8b5b6f678277\"\n\t\t\t\n\t\t>\n<div class=\"sow-image-container\">\n\t\t<img \n\tsrc=\"https:\/\/www.tutisul.pt\/web\/wp-content\/uploads\/2021\/07\/Tutisul_Ponto_Verde.png\" width=\"800\" height=\"566\" srcset=\"https:\/\/www.tutisul.pt\/web\/wp-content\/uploads\/2021\/07\/Tutisul_Ponto_Verde.png 800w, https:\/\/www.tutisul.pt\/web\/wp-content\/uploads\/2021\/07\/Tutisul_Ponto_Verde-300x212.png 300w, https:\/\/www.tutisul.pt\/web\/wp-content\/uploads\/2021\/07\/Tutisul_Ponto_Verde-768x543.png 768w\" sizes=\"(max-width: 800px) 100vw, 800px\" alt=\"\" \t\tclass=\"so-widget-image\"\/>\n\t<\/div>\n\n<\/div><\/div><\/div><div id=\"pgc-w60faae750a0b8-0-1\"  class=\"panel-grid-cell\" ><div id=\"panel-w60faae750a0b8-0-1-0\" class=\"so-panel widget_sow-image panel-first-child panel-last-child\" data-index=\"1\" ><div\n\t\t\t\n\t\t\tclass=\"so-widget-sow-image so-widget-sow-image-default-8b5b6f678277\"\n\t\t\t\n\t\t>\n<div class=\"sow-image-container\">\n\t\t<img \n\tsrc=\"https:\/\/www.tutisul.pt\/web\/wp-content\/uploads\/2021\/07\/Tutisul_Pegada.png\" width=\"800\" height=\"568\" srcset=\"https:\/\/www.tutisul.pt\/web\/wp-content\/uploads\/2021\/07\/Tutisul_Pegada.png 800w, https:\/\/www.tutisul.pt\/web\/wp-content\/uploads\/2021\/07\/Tutisul_Pegada-300x213.png 300w, https:\/\/www.tutisul.pt\/web\/wp-content\/uploads\/2021\/07\/Tutisul_Pegada-768x545.png 768w\" sizes=\"(max-width: 800px) 100vw, 800px\" alt=\"\" \t\tclass=\"so-widget-image\"\/>\n\t<\/div>\n\n<\/div><\/div><\/div><\/div><\/div><\/div><\/div><\/div><div id=\"pgc-100-1-1\"  class=\"panel-grid-cell\" ><div id=\"panel-100-1-1-0\" class=\"so-panel widget_nav_menu panel-first-child\" data-index=\"5\" ><div class=\"panel-widget-style panel-widget-style-for-100-1-1-0\" ><h3 class=\"widget-title\">Quem Somos<\/h3><div class=\"menu-quem-somos-container\"><ul id=\"menu-quem-somos\" class=\"menu\"><li id=\"menu-item-295\" class=\"menu-item menu-item-type-post_type menu-item-object-page menu-item-295\"><a href=\"https:\/\/www.tutisul.pt\/web\/sobre-a-tutisul\/\">Sobre a Tutisul<\/a><\/li>\n<li id=\"menu-item-277\" class=\"menu-item menu-item-type-post_type menu-item-object-page menu-item-277\"><a href=\"https:\/\/www.tutisul.pt\/web\/equipa\/\">Equipa<\/a><\/li>\n<li id=\"menu-item-278\" class=\"menu-item menu-item-type-post_type menu-item-object-page menu-item-278\"><a href=\"https:\/\/www.tutisul.pt\/web\/missao-e-valores\/\">Miss\u00e3o, Vis\u00e3o e Valores<\/a><\/li>\n<li id=\"menu-item-279\" class=\"menu-item menu-item-type-post_type menu-item-object-page menu-item-279\"><a href=\"https:\/\/www.tutisul.pt\/web\/politica-de-qualidade-e-ambiente\/\">P. de Qualidade e Ambiente<\/a><\/li>\n<li id=\"menu-item-280\" class=\"menu-item menu-item-type-post_type menu-item-object-page menu-item-280\"><a href=\"https:\/\/www.tutisul.pt\/web\/parceiros-empresariais\/\">Parceiros Empresariais<\/a><\/li>\n<li id=\"menu-item-276\" class=\"menu-item menu-item-type-post_type menu-item-object-page menu-item-276\"><a href=\"https:\/\/www.tutisul.pt\/web\/cultura-de-inovacao\/\">Cultura de inova\u00e7\u00e3o<\/a><\/li>\n<\/ul><\/div><\/div><\/div><div id=\"panel-100-1-1-1\" class=\"so-panel widget_sow-image panel-last-child\" data-index=\"6\" ><div\n\t\t\t\n\t\t\tclass=\"so-widget-sow-image so-widget-sow-image-default-c67d20f9f743-100\"\n\t\t\t\n\t\t>\n<div class=\"sow-image-container\">\n\t\t\t<a href=\"https:\/\/www.tutisul.pt\/web\/contactos\/\"\n\t\t\t\t\t>\n\t\t\t<img \n\tsrc=\"https:\/\/www.tutisul.pt\/web\/wp-content\/uploads\/2017\/07\/Tutisul_Fale_Connosco.png\" width=\"192\" height=\"180\" sizes=\"(max-width: 192px) 100vw, 192px\" alt=\"\" \t\tclass=\"so-widget-image\"\/>\n\t\t\t<\/a><\/div>\n\n<\/div><\/div><\/div><\/div><\/div>","protected":false},"excerpt":{"rendered":"<p>Pol\u00edtica de Qualidade e AmbienteImplementamos uma pol\u00edtica de controle de qualidade, baseada no desafio constante de supera\u00e7\u00e3o e na procura da excel\u00eancia do servi\u00e7o prestado e da qualidade dos produtos que fornecemos.\u00a0Estabelecemos parcerias, apostamos na forma\u00e7\u00e3o constante dos nossos quadros, agilizamos os processos log\u00edsticos, avaliamos a satisfa\u00e7\u00e3o dos nos parceiros e monitorizamos sistematicamente a qualidade [&hellip;]<\/p>\n","protected":false},"author":1,"featured_media":0,"parent":0,"menu_order":0,"comment_status":"closed","ping_status":"closed","template":"page-fullwidth.php","meta":{"footnotes":""},"class_list":["post-100","page","type-page","status-publish","hentry"],"_links":{"self":[{"href":"https:\/\/www.tutisul.pt\/web\/wp-json\/wp\/v2\/pages\/100","targetHints":{"allow":["GET"]}}],"collection":[{"href":"https:\/\/www.tutisul.pt\/web\/wp-json\/wp\/v2\/pages"}],"about":[{"href":"https:\/\/www.tutisul.pt\/web\/wp-json\/wp\/v2\/types\/page"}],"author":[{"embeddable":true,"href":"https:\/\/www.tutisul.pt\/web\/wp-json\/wp\/v2\/users\/1"}],"replies":[{"embeddable":true,"href":"https:\/\/www.tutisul.pt\/web\/wp-json\/wp\/v2\/comments?post=100"}],"version-history":[{"count":46,"href":"https:\/\/www.tutisul.pt\/web\/wp-json\/wp\/v2\/pages\/100\/revisions"}],"predecessor-version":[{"id":2562,"href":"https:\/\/www.tutisul.pt\/web\/wp-json\/wp\/v2\/pages\/100\/revisions\/2562"}],"wp:attachment":[{"href":"https:\/\/www.tutisul.pt\/web\/wp-json\/wp\/v2\/media?parent=100"}],"curies":[{"name":"wp","href":"https:\/\/api.w.org\/{rel}","templated":true}]}}